**2 + 54*o + 17. Determine n(8).
1
Let p(q) = 6*q**3 - 7*q**2 + 11*q - 20. What is p(4)?
296
Let p(i) = 2*i**2 + 97*i - 612. Calculate p(6).
42
Let m(t) = -t**2 - 15*t - 4. What is m(-8)?
52
Let f(m) = -2*m**2 - 81*m + 50. Determine f(-41).
9
Let q(u) = -2441*u - 80559. Calculate q(-33).
-6
Let p(y) = -y**3 + 16*y**2 - 26*y + 8. Give p(15).
-157
Let j(p) = -p**3 - 26*p**2 + 56*p + 61. What is j(-28)?
61
Let r(d) = 11*d**3 + 1123*d**2 + 101*d - 111. Give r(-102).
-9
Let v(d) = 62*d - 290. What is v(9)?
268
Let g(q) = 71*q**2 + 572*q + 24. Determine g(-8).
-8
Let w(y) = 1774*y - 8864. What is w(5)?
6
Let i(h) = 2*h**3 - 27*h**2 + 7*h + 56. What is i(13)?
-22
Let v(q) = q**3 + 78*q**2 + 1294*q - 102. Determine v(-54).
6
Let r(a) = 2*a - 20. What is r(7)?
-6
Let q(n) = n**2 - 78*n - 924. Calculate q(87).
-141
Let g(b) = 17*b - 34. Calculate g(-8).
-170
Let t(a) = a + 50. What is t(11)?
61
Let m(q) = -q**2 + 129*q - 1675. What is m(114)?
35
Let q(g) = -168*g - 8740. Give q(-52).
-4
Let x(l) = -l**2 - 124*l - 3703. Give x(-74).
-3
Let x(n) = -83*n**2 + 495*n + 17. What is x(6)?
-1
Let c(b) = 39*b - 82. Determine c(2).
-4
Let q(z) = z**2 - 158*z + 2826. Determine q(138).
66
Let g(c) = c**3 + 63*c**2 + 8*c + 482. Give g(-63).
-22
Let i(c) = 378*c - 20045. Determine i(53).
-11
Let k(j) = -169*j**3 + 8*j**2 + 2*j - 3. Give k(-1).
172
Let t(f) = -f**3 + 8*f + 18. What is t(5)?
-67
Let k(x) = 106*x - 8683. Give k(82).
9
Let p(o) = -o**3 - 47*o**2 + 317*o - 48. Determine p(-53).
5
Let k(x) = -1070*x + 7479. Calculate k(7).
-11
Let l(w) = 170*w + 38932. Calculate l(-229).
2
Let l(m) = 12*m + 645. Give l(-46).
93
Let d(r) = r**2 - 57*r + 27. Calculate d(4).
-185
Let o(l) = l**3 - 27*l**2 - 48*l - 29. Determine o(29).
261
Let m(w) = -2*w**2 + 9*w + 24. What is m(7)?
-11
Let j(n) = -n**2 - 204*n + 21283. What is j(76)?
3
Let t(r) = -2*r**2 + 2*r - 58. Give t(-9).
-238
Let q(w) = 11*w**2 + 32*w - 1. What is q(1)?
42
Let f(a) = -a**3 - 14*a**2 + 1227*a - 7. Determine f(0).
-7
Let r(p) = p**3 + 11*p**2 - 12*p - 90. Calculate r(-9).
180
Let t(b) = 2*b**2 - 520*b - 73853. Give t(362).
-5
Let p(i) = -2*i**2 + 86*i + 49. Determine p(40).
289
Let v(l) = -2*l**2 + 37*l + 67. Give v(23).
-140
Let j(q) = -q**3 - 60*q**2 - 61*q - 111. Determine j(-59).
7
Let j(k) = -57*k + 164. Calculate j(3).
-7
Let h(d) = -810*d - 9709. Give h(-12).
11
Let a(z) = -24*z + 188. Determine a(4).
92
Let x(g) = 54*g + 78. Calculate x(-2).
-30
Let f(u) = u**3 - 10*u**2 + 12*u + 23. Give f(9).
50
Let l(w) = -19*w**2 + 20*w + 57. Calculate l(-2).
-59
Let p(q) = q**3 - 30*q**2 - 117*q + 2680. Calculate p(31).
14
Let i(d) = 22*d**2 + 77*d + 241. What is i(-3)?
208
Let l(x) = -x**3 + 137*x**2 - 140*x + 579. Calculate l(136).
35
Let m(t) = -t**3 - 16*t**2 - 20*t - 64. Determine m(-15).
11
Let k(q) = 69*q**3 + 760*q**2 + 4*q + 5. Calculate k(-11).
82
Let q(o) = 4*o - 197. What is q(38)?
-45
Let o(z) = 10*z - 121. Determine o(14).
19
Let d(q) = -2*q**2 + 142*q + 456. Determine d(-3).
12
Let d(k) = -k**2 - 152*k - 725. What is d(-5)?
10
Let m(t) = t**3 + 11*t**2 - 122*t + 71. Calculate m(-18).
-1
Let j(a) = -4*a + 104. What is j(-17)?
172
Let p(k) = k**2 + 75*k - 540. Calculate p(-81).
-54
Let y(d) = 7*d**3 - 23*d**2 - 21*d - 6. Give y(5).
189
Let m(v) = -787*v + 36995. Calculate m(47).
6
Let x(q) = -5*q**2 - 207*q - 27. Calculate x(-40).
253
Let m(x) = x**3 - 20*x**2 + 103*x + 14. Determine m(10).
44
Let w(m) = -33*m + 211. What is w(6)?
13
Let w(t) = -1249*t - 3750. Calculate w(-3).
-3
Let u(b) = b**3 - 9*b**2 + 28*b + 3. Calculate u(9).
255
Let z(d) = 22*d - 36. Calculate z(-10).
-256
Let j(n) = 64*n - 324. Calculate j(5).
-4
Let i(x) = 2*x**2 + 126*x + 1866. Calculate i(-50).
566
Let a(l) = 14*l**3 - 90*l**2 - 91*l - 1. Give a(-1).
-14
Let l(t) = -t**2 - 54*t + 649. Determine l(9).
82
Let x(q) = -40*q**3 + 2561*q**2 - 68*q + 271. Determine x(64).
15
Let k(l) = 17*l**2 - 800*l + 57. Determine k(47).
10
Let i(y) = -y**2 + 11*y + 529. Give i(-18).
7
Let z(p) = 24*p - 754. What is z(33)?
38
Let c(m) = -m**2 + 37*m - 253. Give c(28).
-1
Let j(l) = l**2 - 24*l + 46. Calculate j(21).
-17
Let h(i) = 26*i**2 + 181*i + 182. Give h(-1).
27
Let q(g) = -g**3 - 29*g**2 + 6*g - 45. What is q(-28)?
-997
Let h(f) = -49*f + 42. Calculate h(3).
-105
Let c(g) = -g**3 - 17*g**2 + 6*g + 85. Give c(-17).
-17
Let s(l) = 20*l - 235. What is s(12)?
5
Let m(a) = 13*a**2 + 29*a + 101. Calculate m(-6).
395
Let s(t) = 15*t + 168. Give s(-10).
18
Let k(u) = u**3 + 14*u**2 - 140*u + 123. Give k(-21).
-24
Let t(d) = 59*d + 485. Give t(-12).
-223
Let s(z) = -z**3 + 19*z**2 - 55*z + 114. Determine s(16).
2
Let t(q) = -4*q**2 + 3*q + 3. Calculate t(2).
-7
Let j(g) = 8*g + 90. Calculate j(-10).
10
Let p(z) = -32*z + 105. What is p(4)?
-23
Let a(v) = v**2 - 216*v - 3569. Calculate a(-15).
-104
Let o(a) = -24*a - 5. Determine o(-3).
67
Let v(o) = -6*o**2 - 32*o + 33. Determine v(7).
-485
Let n(z) = -19*z**2 + 215*z - 4. Give n(5).
596
Let s(n) = 58*n + 44. Determine s(-1).
-14
Let s(g) = -3*g**2 + 14*g + 111. What is s(-6)?
-81
Let q(s) = -43*s**3 - s**2 - 7*s + 8. Determine q(1).
-43
Let s(a) = a**3 + 10*a**2 - 37*a + 34. What is s(-13)?
8
Let z(g) = -g**2 - 2*g + 56. What is z(11)?
-87
Let f(v) = 31*v - 423. Calculate f(14).
11
Let r(x) = -76*x - 78. What is r(-1)?
-2
Let k(j) = 39*j + 34. Calculate k(-2).
-44
Let r(k) = -4387*k + 26402. What is r(6)?
80
Let d(x) = x**3 + 42*x**2 + 449*x + 292. Give d(-18).
-14
Let x(g) = -29*g**2 - 1121*g + 175. Give x(-39).
-215
Let p(b) = 102*b**2 + 21*b + 37. Determine p(-2).
403
Let i(h) = 11*h + 671. Calculate i(-60).
11
Let n(l) = 135*l - 4884. Give n(36).
-24
Let j(i) = 22*i - 289. Give j(-12).
-553
Let m(y) = 232*y + 10225. Calculate m(-44).
17
Let d(t) = -208*t + 12584. What is d(60)?
104
Let b(i) = 2*i**2 - 1898*i + 5682. Calculate b(3).
6
Let p(f) = -f**2 - 10*f + 11. Determine p(6).
-85
Let t(b) = -b**3 - 147*b**2 - 837*b - 6. What is t(-6)?
-60
Let q(s) = s**3 - 2*s**2 - 93*s + 192. What is q(2)?
6
Let n(q) = q**2 - 256*q + 16231. Give n(140).
-9
Let w(u) = -u**3 - 35*u**2 - 8*u - 350. Give w(-35).
-70
Let b(d) = -d**2 - 29*d + 4188. Determine b(-81).
-24
Let a(u) = -3*u**3 - 234*u**2 + 481*u + 72. Give a(-80).
-8
Let v(r) = 84*r + 1075. What is v(-11)?
151
Let s(u) = 3*u**3 + 145*u**2 + 39*u + 45. Calculate s(-48).
477
Let q(b) = 2*b**3 - 42*b**2 + 3*b - 59. What is q(21)?
4
Let u(p) = 21*p**2 - 16*p + 17. What is u(1)?
22
Let y(b) = -2*b**3 + 169*b**2 - 241*b - 532. Give y(83).
132
Let g(o) = o**3 + 42*o**2 + 39*o. What is g(-41)?
82
Let h(g) = 9*g - 124. Calculate h(19).
47
Let t(z) = -86*z**3 - 8*z**2 - 21*z - 19. What is t(-2)?
679
Let o(k) = k**3 - 65*k + 109. Calculate o(7).
-3
Let h(f) = -f**2 + 73*f + 1440. Determine h(-16).
16
Let q(o) = 59*o + 592. What is q(-15)?
-293
Let d(o) = -2*o - 25. What is d(25)?
-75
Let v(s) = -s**2 - 4015*s - 52015. Determine v(-13).
11
Let o(j) = 16601*j + 49808. What is o(-3)?
5
Let g(f) = -53*f + 417. Calculate g(8).
-7
Let m(c) = c**3 + 16*c**2 + 45*c + 58. What is m(-11)?
168
Let j(q) = -q - 83. What is j(-1)?
-82
Let x(f) = f**3 + 25*f**2 + 141*f + 8. What is x(-8)?
-32
Let w(l) = -2*l**3 + 2*l**2 + 46*l + 4. Determine w(-4).
-20
Let l(d) = -d**2 + 4*d + 595. Calculate l(-22).
23
Let x(b) = -b**3 - 9*b**2 + 25*b + 246. Give x(-6).
-12
Let w(j) = 2*j**2 + 734*j + 8638. What is w(-12)?
118
Let b(q) = 176*q - 13. Calculate b(2).
339
Let y(n) = -107*n - 791. What is y(-7)?
-42
Let z(s) = 3*s**2 + 54*s + 267. Give z(-8).
27
Let z(l) = -l**2 - 13*l + 189. What is z(-22)?
-9
Let i(w) = w**3 + 7*w**2 + 22*w + 39. What is i(-3)?
9
Let x(c) = -c**2 - 2*c + 201. Determine x(-13).
58
Let k(x) = -88*x + 12311. Give k(140).
-9
Let y(x) = -3*x**3 - 14*x**2 - 6*x + 1. What is y(-4)?
-7
Let a(r) = 5*r**2 + 585*r - 13. Give a(-117).
-13
Let m(a) = a**3 - 132*a**2 + 1854*a + 223. Determine m(116).
-9
Let g(x) = 7*x**2 - 7*x + 8. Calculate g(5).
148
Let f(b) = -b**3 - 3*b**2 + 83*b - 468. Calculate f(5).
-253
Let w(d) = -d**2 - 397*d + 10997. Give w(26).
-1
Let z(p) = 9*p**2 + 14*p + 13. Determine z(-5).
168
Let j(l) = -3*l**2 - 62*l - 135. Calculate j(-21).
-156
Let s(j) = -j**3 - 52*j**2 + 10. Determine s(-52).
10
Let a(b) = 51*b + 5581. Calculate a(-110).